(m) = -m**2 - 10*m. Let b(c) = -2*c**2 - 21*c - 1. Let z(r) = -3*b(r) + 7*x(r). Calculate z(-6).
9
Let g(l) = -l**3 + l**2. Let d be g(-1). Let t(v) = v - 10*v**2 + 3*v**2 + 6*v**2 - 2. Give t(d).
-4
Let w(f) = -8 + 0*f + 2*f - 3*f. Let n be (-5)/(-6 + 1) + 14/(-2). Determine w(n).
-2
Let t(p) = 17*p**3 - 6*p**2 - 2*p - 9. Let y(c) = -37*c**3 + 12*c**2 + 4*c + 18. Let j(b) = -13*t(b) - 6*y(b). Give j(-6).
-3
Let p(z) = z**2 + 4*z + 5. Let l be p(-3). Let d(o) = -l*o - 2*o + 214 - 211 + o**2. Determine d(2).
-1
Let w(a) = a**2 - 7*a - 3. Let j be w(8). Suppose 3*l - 2 = -5*b, -3*l + 5 = -4*b - 15. Let n(v) = 6*v - 2 - 4*v + l*v - 5*v. Determine n(j).
3
Let a(c) = -19*c + 1. Let d(o) = -44*o + 2. Let u(j) = -5*a(j) + 2*d(j). Determine u(1).
6
Let k(s) = -s**3 + 2*s**2 + s - 3. Let j be k(3). Let c = -13 - j. Let d(t) = 3*t - 3*t + 4 + t. Determine d(c).
0
Let s(g) = 7*g + 3. Suppose 3*a + 47 = 4*z, 3*a + 0 + 12 = -3*z. Let p be 3*((-6)/a)/(-1). Calculate s(p).
-11
Let d(i) = i**3 + 7*i**2 + 7*i. Suppose -4*w = -36 + 4. Let p = -13 + w. What is d(p)?
15
Suppose 0 = p - 4*a + 13, 1 = -5*p + 3*a + a. Let n(k) = -k**3 + 4*k**2 + 2. Determine n(p).
11
Let x(n) = n**2 + 20*n - 4. Let v be x(-20). Let q(u) = -2*u - 6. Determine q(v).
2
Let f(p) = p**2 - 10*p + 10. Let g be f(8). Let k(u) = u**3 + 7*u**2 + 7*u + 6. Let n be k(g). Let c(a) = a**3 + a + 8. Calculate c(n).
8
Let b(w) = -5*w**2 - 4*w - 4. Let q(l) = -12*l**2 - 9*l - 9. Let d(k) = -7*b(k) + 3*q(k). Determine d(4).
-11
Let p(f) = -f**3 - 4*f**2 - 2*f - 4. Let t be 5*-2*2/(-10). Let k(b) = -b - 19. Let o be k(-23). Suppose 0 = -4*x + o, t*z + 9 = -2*x + 3*x. What is p(z)?
4
Let v(u) = -16*u**2 + 28*u**2 - 3*u**3 + 4*u**3 - 2*u + 4*u - 18*u**2. What is v(6)?
12
Let x(k) = -k - 6. Let t be x(2). Let z(d) = d + 8. Let v be z(t). Let n(i) be the first derivative of i**3/3 + 16*i - 2. Determine n(v).
16
Suppose i - 6*i + 10 = 0. Let z(u) = -u + 2 - 5*u**2 + 6*u**i - 5 + 4*u. What is z(-3)?
-3
Let t(u) be the third derivative of u**6/120 + 7*u**5/60 - u**4/3 - u**3/3 + 8*u**2 + 5. Calculate t(-8).
-2
Let g(p) = p**3 + 5*p**2 - 5*p + 4. Suppose d + 2*k = 5*k + 6, -d = -5*k - 14. Give g(d).
-2
Let a(m) = -11*m**3 - m**2 + 2*m - 1. Let l(s) = -s - 8. Let p be l(-9). Let d be a(p). Let x = d - -11. Let r(k) = k**3 - k**2. Calculate r(x).
0
Let d(k) = k**3 + k**2 - 2*k - 1. Let y(g) = -18 - 14 + 12*g - 10*g. Let f be y(15). Give d(f).
-1
Let o(s) = -3*s - 18. Let g(a) = -22*a - 122. Let k(j) = -3*g(j) + 20*o(j). Calculate k(6).
42
Let m(b) = -4*b**2 - b + 2. Let g(d) = -7*d**2 - d + 4. Let t(y) = -3*g(y) + 5*m(y). Give t(-5).
33
Suppose 0 = 2*n - 4, 7*a - 2*a - 94 = -2*n. Suppose 16*z + 12 = a*z. Let q(x) = -7*x - 7. Let k(t) = -8*t - 7. Let v(j) = z*k(j) - 7*q(j). Calculate v(0).
7
Let q(j) = -5*j**3 + 6*j**2 + 8*j - 10. Let s(o) = -9*o**3 + 11*o**2 + 15*o - 17. Let u(i) = -7*q(i) + 4*s(i). Determine u(-2).
10
Let l be ((-5)/3)/(1/3). Let u(f) = -2*f + 2. Let y(x) be the third derivative of x**4/6 - 5*x**3/6 - 4*x**2. Let w(p) = 5*u(p) + 2*y(p). Give w(l).
10
Let b(f) = 3*f**2 + f**3 - 6*f**2 - 5529*f - 2*f**3 + 2*f**3 + 5526*f - 2. Give b(3).
-11
Let u(s) = 3*s + 2*s - s**2 + 14 - 6. Let y(r) = 2*r**3 + 163*r**2 - 80*r + 171. Let x be y(-82). Determine u(x).
-6
Let k(p) = p**2 - 6*p + 7. Let f be k(5). Suppose -14 = -f*v + 5*o, 0 = 2*v + o + 10 - 0. Let y(j) = 3*j**2 + 4*j + 3. What is y(v)?
18
Let t(d) be the first derivative of d**4/4 + 5*d**3/3 + 2*d**2 - d - 1. Suppose 0 = 3*o - 8*o + 165. Let w be -1 - 5 - o/(-11). Calculate t(w).
5
Let t(b) = -b - 2. Suppose y - 5*y + 2*o + 10 = 0, 0 = 2*o + 2. Let k(x) = 4 + 2*x + 14*x**y - x - 13*x**2. Let m be k(0). Calculate t(m).
-6
Let v = 6 + -12. Let t(b) = -b**3 + b + 1. Let k(u) = -5*u**3 - 6*u**2 + 3*u. Let z(p) = k(p) - 4*t(p). What is z(v)?
2
Suppose -3*k - 17 = f - 9, 0 = -5*k. Let s(q) = -q**3 - 8*q**2 - q + 7. Give s(f).
15
Suppose -v + 32 = -4*p + 3, -4*p - 11 = v. Let z be (-2)/v - 43/9. Let i(u) = u + 9. What is i(z)?
4
Let d(u) = u + 3. Let i(h) = -6*h - 17. Let m(a) = -4*d(a) - i(a). Give m(-3).
-1
Suppose 8 = 3*v + 7*x - 9*x, -5*v = -2*x - 8. Let f(d) = 0*d + 23 - 8 + d - 16. Calculate f(v).
-1
Let u(v) = 127 - 251 + 132 - v. Determine u(6).
2
Let d(t) = 4*t + t - 5 - 3*t + t**3 - 6*t**2. Suppose -26*p = -27*p - 2*l + 11, -5*p + 31 = 2*l. Calculate d(p).
-20
Let o(w) = w**2 - 3*w. Let j(a) = 5*a**2 - 11*a + 3. Let i(p) = -j(p) + 3*o(p). Give i(3).
-15
Suppose -y + 4*b + 8 = 19, 4*y = 2*b + 12. Let a(q) = -23 - 5*q + q**2 - 20 + 39. Calculate a(y).
-4
Let j(w) = -w**2 - 8*w - 9. Let u be j(-6). Suppose -v + 2*v = u*i - 10, 2*v = -2*i + 12. Let n be 12/2*2/i. Let l(q) = -2*q - 4. What is l(n)?
-10
Let n(r) = -r - 19. Let l be n(9). Let d = 32 + l. Suppose 6*u - u - 3 = -d*i, -3*i = -5*u + 24. Let w(o) = o - 3. Give w(u).
0
Let b(p) be the first derivative of -p**5/120 - p**4/8 - 3*p**3 - 5. Let i(o) be the third derivative of b(o). Suppose -15 = -5*j + 5. Calculate i(j).
-7
Let f(p) be the second derivative of p**3/6 + 6*p**2 + 6*p + 12. Give f(0).
12
Suppose -6 - 14 = -5*u. Let k(o) be the first derivative of 0*o + 2*o**2 + 37 - 1/3*o**3. Determine k(u).
0
Suppose 0*p = -p + 5. Let c(t) = -4190*t + 8360*t + t**2 - 4177*t - 2. What is c(p)?
-12
Let l(x) = -x**3 - 3*x**2 + x - 3. Let d(u) = -u**3 - 3*u**2 + 2*u - 4. Let q(y) = -2*d(y) + 3*l(y). Suppose j + 4*j = 25. Let n = 2 - j. Give q(n).
2
Let z(o) = o**3 - 10*o**2 + 16*o. Let i be 38/5 + 86/(-10) + 9. Calculate z(i).
0
Let c(s) = -s**2 + 0*s**2 - 6*s**3 + 4*s**2 - 4*s**2. Suppose 0 = f + 5 - 0. Let y(v) = -v**3 - 5*v**2 - v - 6. Let q be y(f). Determine c(q).
5
Let w(d) be the second derivative of -3/2*d**2 - 1/3*d**3 + 7*d - 1/12*d**4 + 0. What is w(-3)?
-6
Suppose 100 - 15 = -5*i. Let x(d) = 7*d**2 - 3*d + 5. Let s(y) = -114*y + 122*y - 13*y**2 - 14 - 7*y**2. Let n(o) = i*x(o) - 6*s(o). What is n(-5)?
9
Let m be (3 - (-5)/(-2))*0. Let j(d) be the second derivative of d**4/12 + d**3/6 + 3*d**2/2 + 31*d. What is j(m)?
3
Let z be (-8)/10 - 5/25. Let q = 24 - 21. Let i(k) = -145 - k**2 + 0*k**2 + 5*k**q + 146. Calculate i(z).
-5
Let y be 6/4*(-6 + (-42)/(-9)). Let h(w) be the third derivative of w**4/8 - w**3/6 - w**2. Give h(y).
-7
Let f(l) be the third derivative of l**5/60 + 13*l**4/24 + 3*l**3/2 + 356*l**2. What is f(-12)?
-3
Suppose 4*c - 3*p - 89 = 0, -4*c + 5 = -3*c + 5*p. Let t(b) = 6 + 13 + b - c + 10*b**3. Calculate t(1).
10
Let y(j) = -j + 6*j - 5 + 3. Let l(r) = -26*r + 127. Let d be l(5). What is y(d)?
-17
Let i(k) = -57*k + 114*k - 60*k - 17. Calculate i(-7).
4
Let l(b) = b**2 - 7*b + 2. Let t be l(7). Let j(u) = u**3 + t*u - 9 - u**3 - 6*u**2 + u**3. Suppose -110*h + 30 = -105*h. What is j(h)?
3
Let l(z) = 2*z - 187 + 367 - 184. Calculate l(0).
-4
Suppose w = -0*w - 2. Let k(n) = -n**2 - 5*n - 1. Determine k(w).
5
Let x(r) = -3 + 2*r + 0*r - r - 4. Let b be (-1)/3 + 20/6. Suppose 0*w + 15 = b*w. Calculate x(w).
-2
Let q(c) = -c**2 - 8*c + 10. Let u be q(-9). Let i(o) = 4*o - 7*o - u + 0 - o. What is i(3)?
-13
Let z(q) = -q**2 + q. Let i be (11/(-33))/(1/(-3)). Let w(r) = -12*r**2 + 4*r. Let c(p) = i*w(p) - 3*z(p). Determine c(1).
-8
Let o(y) = -2*y - 6. Let t be (-18)/(-63) + (-444)/(-14). Suppose 6*s + t = 2*s. What is o(s)?
10
Let c(f) = -f. Let z(t) = 7*t + 8. Let r be 36/28 + ((-16)/7 - -2). Let g(v) = r*z(v) + 4*c(v). What is g(-6)?
-10
Let c(s) be the first derivative of -s**3/3 + s**2/2 - s - 2. Suppose 3*i - 2 = 2*i. Suppose -6*w - 8 = -i*w. Determine c(w).
-7
Let l(i) = -i**3 - 4*i**2 - i + 1. Suppose 31 = -16*c - 17. Determine l(c).
-5
Suppose 11*n - 364 = -17*n. Let s(w) = w**3 - 12*w**2 - 12*w - 19. What is s(n)?
-6
Suppose 2*c - 3 = -c + 2*y, 0 = -3*c + y. Let v(o) = 0 + 4*o + 0*o + 4 - 3. Calculate v(c).
-3
Let n be ((-72)/(-84))/(3/14). Let s(p) = 0 - n*p - 378*p**2 + 372*p**2 - p**3 - 4. Calculate s(-5).
-9
Let q(o) = -o**3 - o**2 - o - 2. Let g(z) = 7*z**2 + 2*z + 6. Let u(d) = -g(d) - q(d). What is u(7)?
38
Let y(u) = 5 + 1 + 6*u - 3*u**2 + 21*u**2 - 17*u**2. Determine y(-4).
-2
Let a be 36/8*(-4)/(-3). Let p(i) = i + 7. Let c(t) = -3*t + 3*t + 0*t - t. Let k(f) = -3*c(f) - p(f). Give k(a).
5
Let g = 63 - 62. Suppose 0 = 2*t - 2*k - k - 7, -t = 2*k. Let 